hat is 101100100 + -122210100?
-21110000
In base 5, what is 2210044101414 + 4?
2210044101423
In base 5, what is -10 - 42141322132?
-42141322142
In base 4, what is -21122010 - 2213322?
-30001332
In base 5, what is -1003102412 + -1?
-1003102413
In base 12, what is 2b5a592 - -1?
2b5a593
In base 11, what is 9759 - 786?
8a83
In base 5, what is -13220213403 - 0?
-13220213403
In base 2, what is 11000 + 1110111010011100001010?
1110111010011100100010
In base 13, what is 1b14 + 2b43?
4957
In base 6, what is 1012500 + 502?
1013402
In base 13, what is 57b + -c075?
-b7c7
In base 9, what is 1660452 - -3?
1660455
In base 16, what is 3f8 + -64d?
-255
In base 5, what is 3013000121 - 102?
3013000014
In base 7, what is 325411166 - -2?
325411201
In base 15, what is 41e - 1c7?
247
In base 15, what is -4d2 - 363d9?
-368bb
In base 15, what is -254 + 9b165?
9ae11
In base 12, what is -194 + -8726b8?
-872890
In base 11, what is 2308942 + 170?
2309002
In base 12, what is 32 - -55139?
5516b
In base 8, what is -1762165 - 15?
-1762202
In base 4, what is 10 - 21203320213?
-21203320203
In base 11, what is 118777 - -38?
118804
In base 7, what is -1213 - 4416221?
-4420434
In base 9, what is 1001660 + 15?
1001675
In base 2, what is 101000011110 + -11100000111?
1100010111
In base 9, what is -2 - -3447350?
3447347
In base 8, what is -213221 - 176?
-213417
In base 6, what is 10534024 - 122?
10533502
In base 12, what is 28b3 + -b9?
27b6
In base 3, what is -12112122 - -11101001?
-1011121
In base 14, what is 6c - 2b5cb?
-2b55d
In base 8, what is -1125576623 - -3?
-1125576620
In base 6, what is 2344143025 - 3?
2344143022
In base 5, what is 100011312 + -40?
100011222
In base 6, what is -101022150 - 1?
-101022151
In base 3, what is 22111 + 2121022012?
2121121200
In base 8, what is 246362277 + 16?
246362315
In base 3, what is -20002012 - 1122110?
-21201122
In base 6, what is -1142455 - 113?
-1143012
In base 6, what is -211454100 + -11?
-211454111
In base 16, what is -2ceee + -54?
-2cf42
In base 11, what is 12788020 - -1?
12788021
In base 15, what is -33 + -1462?
-1495
In base 14, what is -10c60c2 + -1?
-10c60c3
In base 9, what is 4 - -2643257?
2643262
In base 16, what is 3 + 29946dd?
29946e0
In base 16, what is e81 + -9e09?
-8f88
In base 14, what is -10 - 179665?
-179675
In base 12, what is -11940b3 + -4?
-11940b7
In base 15, what is -694 - 280dc?
-28781
In base 16, what is -89 + -a14b0?
-a1539
In base 8, what is 36 - -245121?
245157
In base 9, what is 3 + 36717320?
36717323
In base 11, what is 1518 + 1395?
2902
In base 2, what is 1011101111010 + 11010110000110?
100110100000000
In base 12, what is -1aa144 - -6?
-1aa13a
In base 12, what is -4a6b2a - b?
-4a6b39
In base 10, what is -4665 + 27832?
23167
In base 15, what is 1da8 - -479?
2332
In base 3, what is -1010201002220100 + -1?
-1010201002220101
In base 13, what is -16 - -1948703?
19486ba
In base 14, what is -4a9 - ba87?
-c152
In base 4, what is -21121323012 + -1302?
-21121330320
In base 14, what is -199c119 - -1?
-199c118
In base 14, what is -56176 + d?
-56167
In base 4, what is 301032 - 2121200?
-1220102
In base 3, what is -222 + -10202211111020200?
-10202211111021122
In base 4, what is 201210321 - 31?
201210230
In base 3, what is -112000122 + 111200110?
-100012
In base 7, what is -4350256202 + 4?
-4350256165
In base 5, what is -201 - 1433234242?
-1433234443
In base 16, what is -1bfd + -46c0?
-62bd
In base 6, what is 15011415 + 4?
15011423
In base 9, what is -2 - 1373708?
-1373711
In base 10, what is 0 - 11466675?
-11466675
In base 6, what is -25541 + -125040?
-155021
In base 14, what is 12 + 30068b?
30069d
In base 3, what is -10 - -10022121010011010?
10022121010011000
In base 10, what is 0 - -4953682?
4953682
In base 5, what is -1140 - -11213323?
11212133
In base 3, what is 222100112 - 112011?
221211101
In base 12, what is -38a3 + -12b1?
-4b94
In base 9, what is 852175 + -2?
852173
In base 4, what is 22131000311033 + -1?
22131000311032
In base 7, what is -4 - -56143035?
56143031
In base 16, what is -b6671 - 5?
-b6676
In base 12, what is -2a045ba6 + 5?
-2a045ba1
In base 6, what is -21103152411 - 5?
-21103152420
In base 5, what is 332220010 + 32?
332220042
In base 3, what is -20011 + 2201002100001?
2201002002220
In base 16, what is 13f55f + 0?
13f55f
In base 5, what is -100202313240 - 3?
-100202313243
In base 6, what is 114352130 + 0?
114352130
In base 10, what is -16627944 - -5?
-16627939
In base 16, what is 2a8 + 251d?
27c5
In base 6, what is -14451224243 - 4?
-14451224251
In base 5, what is 114 - -233334100?
233334214
In base 7, what is -1601255350 - 5?
-1601255355
In base 13, what is -63 - 20aa3?
-20b36
In base 2, what is 110 + -11000111110001110010001?
-11000111110001110001011
In base 2, what is 10100 + 10001001001111101101?
10001001010000000001
In base 8, what is 106 - 1650726?
-1650620
In base 9, what is -3373567 + 2?
-3373565
In base 6, what is -314 - -403034?
402320
In base 4, what is 1 + -130022222101?
-130022222100
In base 13, what is bb830 + -2b?
bb802
In base 13, what is 26b152 + 35a?
26b4ac
In base 14, what is 4bb98972 + 2?
4bb98974
In base 2, what is 101011 + 110101011111011010000110?
110101011111011010110001
In base 2, what is 11000010100010001111011 + 0?
11000010100010001111011
In base 12, what is -66671a40 - -3?
-66671a39
In base 12, what is -2 - 1ba50656?
-1ba50658
In base 3, what is -1210000011 - -100202?
-1202122102
In base 14, what is 0 - 1b24864?
-1b24864
In base 14, what is -98 + -136ac?
-13766
In base 7, what is -12431 + 105116?
62355
In base 3, what is 1020122 + 21220121000?
21221211122
In base 14, what is 39d4c805 - -2?
39d4c807
In base 8, what is 142056 + -147?
141707
In base 9, what is 6526 + -251?
6265
In base 6, what is -1155200011 + 14?
-1155155553
In base 13, what is 302c7 - 21?
302a6
In base 4, what is 2 + 11203022232?
11203022300
In base 4, what is 0 + -303212330330?
-303212330330
In base 12, what is -38a8 - -65b53?
62267
In base 16, what is 264dd30 + 6?
264dd36
In base 11, what is -a - 3a7060?
-3a706a
In base 9, what is -45 + -2362341?
-2362386
In base 16, what is -1e + 2283a?
2281c
In base 10, what is -40 + -434252?
-434292
In base 14, what is -5619d - 34?
-561d3
In base 9, what is -188 + 8148042?
8147743
In base 9, what is -1543807 + 5?
-1543802
In base 13, what is -1376b350 - 3?
-1376b353
In base 6, what is 0 + 11125543320?
11125543320
In base 11, what is 2 + -39143a3?
-39143a1
In base 15, what is 17a1 - -8a82?
a333
In base 9, what is 236 - 171615?
-171368
In base 5, what is -4014 - -13320?
4301
In base 12, what is 1510 + -17959?
-16449
In base 6, what is -1544 + -1032314?
-1034302
In base 4, what is 30203320 - 30031?
30113223
In base 12, what is 1 - -71511753?
71511754
In base 12, what is -410 + 183a4?
17b94
In base 13, what is -3242217 - 6?
-3242220
In base 14, what is -ad5d9 + -1d?
-ad618
In base 11, what is -9 + -71311?
-7131a
In base 16, what is 5 + 5133a?
5133f
In base 13, what is -a76b0a + 1b?
-a76abc
In base 2, what is 11 - 10010011011000101011101011?
-10010011011000101011101000
In base 12, what is -9864b1 + -23?
-986514
In base 9, what is -222 + 251847?
251625
In base 3, what is -221011211200 + 201?
-221011210222
In base 10, what is -50552000 + 8?
-50551992
In base 11, what is 31a53 - -19?
31a71
In base 8, what is 13 - -2442112?
2442125
In base 4, what is 302021 + -23003?
213012
In base 16, what is 7 - -a90b40?
a90b47
In base 16, what is -d8 + 26e3?
260b
In base 16, what is -5978f - -237?
-59558
In base 6, what is -32134340252 + -4?
-32134340300
In base 13, what is 6c9ca + -19?
6c9b1
In base 6, what is -530305 + 35034?
-451231
In base 9, what is -131547 - 102?
-131650
In base 7, what is -34312315 + 12?
-34312303
In base 16, what is 1b - -1a798cc?
1a798e7
In base 12, what is 1 - 1168553?
-1168552
In base 8, what is 41351 - 356?
40773
In base 2, what is 10110001 - 11001010010010110101?
-11001010010000000100
In base 11, what is 17 + -2730015?
-272aaa9
In base 6, what is 152202344 + -4?
152202340
In base 12, what is 3 + 48205a?
482061
In base 4, what is 22221 - 3021223101?
-3021200220
In base 8, what is 5 + -153316123?
-153316116
In base 13, what is -4 - 97b63a?
-97b641
In base 14, what is 65d - 29bc?
-235d
In base 11, what is 275 - 1016a3?
-101429
In base 3, what is -1020112 - 111020111